{"id":8,"date":"2018-06-18T16:58:14","date_gmt":"2018-06-18T14:58:14","guid":{"rendered":"http:\/\/compagnie-du-triporteur.org\/?page_id=8"},"modified":"2023-12-28T18:12:19","modified_gmt":"2023-12-28T17:12:19","slug":"spectacle-de-rue","status":"publish","type":"page","link":"https:\/\/compagnie-du-triporteur.org\/index.php\/spectacle-de-rue\/","title":{"rendered":"\u00c0 propos de"},"content":{"rendered":"\n<h2 class=\"wp-block-heading\">Du concert au spectacle de rue<\/h2>\n\n\n\n<p>La <strong>compagnie du triporteur<\/strong> propose des <strong>spectacles musicaux de rue tout public<\/strong> depuis plus de 10 ans. Ces spectacles sont livr\u00e9s en triporteur sur la m\u00e9tropole Lilloise. Bien que bas\u00e9e \u00e0 <strong>Lille<\/strong>, la compagnie se produit dans toute la France et les pays limitrophes.<\/p>\n\n\n\n<p>A l&rsquo;origine, la compagnie produisait essentiellement des concerts. En 2015, la compagnie se tourne vers le <strong>spectacle de rue.<\/strong>&nbsp;Elle cr\u00e9e son premier <strong>spectacle de rue jeune public<\/strong> :&nbsp;<a href=\"https:\/\/compagnie-du-triporteur.org\/index.php\/2020\/09\/15\/spectacle-musical-de-rue-jeune-public-olpj\/\"><strong>Olivier, le petit jardinier<\/strong>.<\/a><\/p>\n\n\n\n<p>Le second spectacle de rue de la compagnie, <strong><a href=\"https:\/\/compagnie-du-triporteur.org\/index.php\/2020\/07\/18\/orgue-de-barbarie-marcel-la-manivelle-spectacle-de-rue-velo-triporteur\/\">Marcel La Manivelle<\/a><\/strong>, (cr\u00e9ation pendant le confinement 2020) \u00e9merveillera le public avec sa machine infernale:<strong> le triporteur de Barbarie<\/strong>. La compagnie travaille sur de nouvelles collaborations avec la <a href=\"http:\/\/www.articho.net\" target=\"_blank\" rel=\"noreferrer noopener\"><strong>Compagnie Articho<\/strong><\/a> et <strong><a href=\"http:\/\/scenes-sur-mesure.fr\" target=\"_blank\" rel=\"noreferrer noopener\">Sc\u00e8nes sur mesure<\/a><\/strong> afin de proposer des spectacles de qualit\u00e9 et toujours plus vari\u00e9s. C&rsquo;est ainsi que nait en 2022 Les Bonichanteurs, rencontre improbable entre Marcel La Manivelle et Emile Li\u00e9atoux.<\/p>\n\n\n\n<p>En 2023, est cr\u00e9\u00e9 un nouveau mod\u00e8le de spectacle de rue au sein de la compagnie: la balade spectacle \u00e0 v\u00e9los. En coproduction avec la Compagnie Articho,<strong> Le Grand Orchestre de Chambre \u00e0 Air<\/strong> voit le jour \u00e0 Zutkerque pour la Communaut\u00e9 de Communes de la R\u00e9gion d&rsquo;Audruicq. Le d\u00e9but d&rsquo;une longue randonn\u00e9e cycliste que Marius Tine, son poulain Hector Boyau, Suzette Horpaire et Jean-Claude Olevi\u00e9 s&rsquo;appr\u00eatent \u00e0 parcourir.<\/p>\n\n\n\n<p>Forte de son exp\u00e9rience <strong>tout terrain<\/strong>, la <strong>Compagnie du Triporteur<\/strong> sait s&rsquo;adapter \u00e0 toutes les situations. Par cons\u00e9quent, que ce soit en ext\u00e9rieur ou en int\u00e9rieur, elle trouvera la solution qui conviendra le mieux \u00e0 votre \u00e9v\u00e9nement. Enfin, nos spectacles trouvent aussi bien leur place sur des gros \u00e9v\u00e9nements que sur les petits.<\/p>\n\n\n\n<p>La compagnie peut \u00e9galement proposer des <strong>ateliers pour les enfants<\/strong> de cycle I et II. N&rsquo;h\u00e9sitez pas \u00e0 nous <strong><a href=\"https:\/\/compagnie-du-triporteur.org\/index.php\/contact\/\">contacter<\/a><\/strong> pour plus d&rsquo;informations.<\/p>\n\n\n\n<p>Apr\u00e8s l&rsquo;acquisition d&rsquo;un <strong>orgue de barbarie Odin<\/strong> m\u00e9canique 27 touches puis celle d&rsquo;un 42 touches du m\u00eame facteur, la compagnie explore d\u00e9sormais le domaine de l&rsquo;arrangement et de la cr\u00e9ation de musiques pour orgue de barbarie. <br>Un atelier de notation est en cours de montage. La compagnie peut d\u00e9sormais vous proposer de r\u00e9aliser des arrangements ou composer des musiques originales pour les orgues de barbarie.<\/p>\n\n\n\n<p>La <strong>Compagnie du Triporteur<\/strong> est une<strong> structure professionnelle.<\/strong> Elle est d\u00e9clar\u00e9e en pr\u00e9fecture et poss\u00e8de une <strong>licence de producteur de spectacles<\/strong> PLATESV-R-2022-011915 en cours de validit\u00e9. La compagnie d\u00e9clare tous les artistes et techniciens qui interviennent dans ses spectacles. Elle cotise \u00e0 l&rsquo;URSSAF, P\u00f4le Emploi, Audiens, Cong\u00e9s Spectacles, l&rsquo;AFDAS ainsi qu&rsquo;au FNAS.<\/p>\n","protected":false},"excerpt":{"rendered":"<p>Du concert au spectacle de rue La compagnie du triporteur propose des spectacles musicaux de rue tout public depuis plus de 10 ans. Ces spectacles sont livr\u00e9s en triporteur sur la m\u00e9tropole Lilloise. Bien que bas\u00e9e \u00e0 Lille, la compagnie se produit dans toute la France et les pays limitrophes. A l&rsquo;origine, la compagnie produisait [&hellip;]<\/p>\n","protected":false},"author":1,"featured_media":13,"parent":0,"menu_order":0,"comment_status":"closed","ping_status":"closed","template":"","meta":{"footnotes":""},"class_list":["post-8","page","type-page","status-publish","has-post-thumbnail","hentry"],"_links":{"self":[{"href":"https:\/\/compagnie-du-triporteur.org\/index.php\/wp-json\/wp\/v2\/pages\/8","targetHints":{"allow":["GET"]}}],"collection":[{"href":"https:\/\/compagnie-du-triporteur.org\/index.php\/wp-json\/wp\/v2\/pages"}],"about":[{"href":"https:\/\/compagnie-du-triporteur.org\/index.php\/wp-json\/wp\/v2\/types\/page"}],"author":[{"embeddable":true,"href":"https:\/\/compagnie-du-triporteur.org\/index.php\/wp-json\/wp\/v2\/users\/1"}],"replies":[{"embeddable":true,"href":"https:\/\/compagnie-du-triporteur.org\/index.php\/wp-json\/wp\/v2\/comments?post=8"}],"version-history":[{"count":12,"href":"https:\/\/compagnie-du-triporteur.org\/index.php\/wp-json\/wp\/v2\/pages\/8\/revisions"}],"predecessor-version":[{"id":460,"href":"https:\/\/compagnie-du-triporteur.org\/index.php\/wp-json\/wp\/v2\/pages\/8\/revisions\/460"}],"wp:featuredmedia":[{"embeddable":true,"href":"https:\/\/compagnie-du-triporteur.org\/index.php\/wp-json\/wp\/v2\/media\/13"}],"wp:attachment":[{"href":"https:\/\/compagnie-du-triporteur.org\/index.php\/wp-json\/wp\/v2\/media?parent=8"}],"curies":[{"name":"wp","href":"https:\/\/api.w.org\/{rel}","templated":true}]}}